{"id":747,"date":"2015-01-14T08:59:32","date_gmt":"2015-01-14T07:59:32","guid":{"rendered":"http:\/\/shopedcondiviso\/public\/shop\/gestione-resi\/"},"modified":"2023-12-14T10:50:46","modified_gmt":"2023-12-14T09:50:46","slug":"gestione-resi","status":"publish","type":"page","link":"https:\/\/shoped.it\/shop\/gestione-resi\/","title":{"rendered":"Diritto di recesso"},"content":{"rendered":"\t\t<div data-elementor-type=\"wp-page\" data-elementor-id=\"747\" class=\"elementor elementor-747\" data-elementor-post-type=\"page\">\n\t\t\t\t\t\t<section class=\"elementor-section elementor-top-section elementor-element elementor-element-67882e91 elementor-section-full_width elementor-section-height-default elementor-section-height-default\" data-id=\"67882e91\" data-element_type=\"section\">\n\t\t\t\t\t\t<div class=\"elementor-container elementor-column-gap-default\">\n\t\t\t\t\t<div class=\"elementor-column elementor-col-100 elementor-top-column elementor-element elementor-element-2b71e5e4\" data-id=\"2b71e5e4\" data-element_type=\"column\">\n\t\t\t<div class=\"elementor-widget-wrap elementor-element-populated\">\n\t\t\t\t\t\t\t<\/div>\n\t\t<\/div>\n\t\t\t\t\t<\/div>\n\t\t<\/section>\n\t\t\t\t<section class=\"elementor-section elementor-top-section elementor-element elementor-element-30388fa1 elementor-section-full_width elementor-section-height-default elementor-section-height-default\" data-id=\"30388fa1\" data-element_type=\"section\">\n\t\t\t\t\t\t<div class=\"elementor-container elementor-column-gap-default\">\n\t\t\t\t\t<div class=\"elementor-column elementor-col-100 elementor-top-column elementor-element elementor-element-269f0b0e\" data-id=\"269f0b0e\" data-element_type=\"column\">\n\t\t\t<div class=\"elementor-widget-wrap\">\n\t\t\t\t\t\t\t<\/div>\n\t\t<\/div>\n\t\t\t\t\t<\/div>\n\t\t<\/section>\n\t\t\t\t<section class=\"elementor-section elementor-top-section elementor-element elementor-element-16d8a0f1 elementor-section-full_width elementor-section-height-default elementor-section-height-default\" data-id=\"16d8a0f1\" data-element_type=\"section\">\n\t\t\t\t\t\t<div class=\"elementor-container elementor-column-gap-default\">\n\t\t\t\t\t<div class=\"elementor-column elementor-col-100 elementor-top-column elementor-element elementor-element-fa47cff\" data-id=\"fa47cff\" data-element_type=\"column\">\n\t\t\t<div class=\"elementor-widget-wrap elementor-element-populated\">\n\t\t\t\t\t\t<div class=\"elementor-element elementor-element-2bef02bf elementor-widget elementor-widget-text-editor\" data-id=\"2bef02bf\" data-element_type=\"widget\" data-widget_type=\"text-editor.default\">\n\t\t\t\t<div class=\"elementor-widget-container\">\n\t\t\t\t\t\t\t\t\t<div id=\"chi-siamo\" class=\"row pagina\"><div class=\"col-md-6\">Diritto di recesso<\/div><div class=\"col-md-6\"><div class=\"row\"><div class=\"col-md-12\"><p><!--<\/p>\n<p align=\"justify\">Attraverso il marketplace ShopED Editoriale Domus propone, oltre all\u2019intero catalogo dei suoi prodotti e servizi, una vetrina di articoli selezionati dei migliori brand internazionali che vanno dai prodotti per la cura e la manutenzione dell\u2019auto agli oggetti e complementi di arredo di design, dagli strumenti per la cucina agli accessori per la moto e altro ancora. Sempre di elevata qualit\u00e0.<\/p>\n<p>--><\/p><\/div><\/div><\/div><\/div>\t\t\t\t\t\t\t\t<\/div>\n\t\t\t\t<\/div>\n\t\t\t\t<div class=\"elementor-element elementor-element-26a94160 elementor-widget elementor-widget-text-editor\" data-id=\"26a94160\" data-element_type=\"widget\" data-widget_type=\"text-editor.default\">\n\t\t\t\t<div class=\"elementor-widget-container\">\n\t\t\t\t\t\t\t\t\t<h3>RECESSO E INTERRUZIONI<\/h3><p>Ai sensi e nei limiti di cui al gi\u00e0 citato Codice del Consumo, il Cliente ha diritto, entro 14 (quattordici) giorni dal ricevimento della merce richiesta, di esercitare il diritto di recesso.<\/p><p>Tale diritto si applica a tutti i prodotti contenuti nel sito ShopED, sui siti ad essi collegati, sugli shop delle app di Editoriale Domus presenti su Google Play, con l&#8217;esclusione tassativa dei prodotti in formato digitale, prodotti software audiovisivi o di software informatici consegnati sigillati e successivamente aperti dal Cliente, dei giornali, periodici o riviste ad eccezione dei contratti di abbonamento per la fornitura di tali pubblicazioni.<\/p><p><strong>Modalit\u00e0 per l&#8217;esercizio del Diritto di Recesso per prodotti fisici<\/strong><\/p><p>Per l&#8217;esercizio del diritto di recesso il Cliente dovr\u00e0 inoltrare, entro il termine perentorio di 14 (quattordici) giorni dalla data di ricezione della merce mediante apposita comunicazione di recesso, anche utilizzando il modulo presente al link sotto indicato. La comunicazione deve essere sottoscritta dal Cliente e deve essere inviata mediante lettera raccomandata con avviso di ricevimento entro il termine previsto. Essa pu\u00f2 essere inviata, entro lo stesso termine, anche mediante telegramma, telefax o e-mail \u00a0a condizione che\u00a0sia confermata con lettera raccomandata con avviso di ricevimento entro le quarantotto ore successive, indirizzandola a:<\/p><p>Editoriale Domus S.p.A. &#8220;ShopED&#8221;<\/p><p>All&#8217;attenzione dell\u2019Ufficio Vendite Dirette<br \/>via Gianni Mazzocchi 1\/3 &#8211; 20089 Rozzano (Mi)<br \/>email: <a href=\"mailto:uf.vendite@edidomus.it\">uf.vendite@edidomus.it<\/a><\/p><p>Entro 14 (quattordici) giorni dalla data di ricezione della comunicazione di recesso, Editoriale Domus comunicher\u00e0 al Cliente, mediante posta elettronica all\u2019indirizzo indicato dal Cliente nelle comunicazioni di cui sopra, la lettera di vettura, affinch\u00e9 possa essere apposto sulla merce per facilitarne le operazioni di rientro.<\/p><p>Il Cliente sar\u00e0 tenuto a restituire la merce entro 14 (quattordici) giorni dalla data di ricezione della lettera di vettura.<br \/>Editoriale Domus proceder\u00e0 quindi alla trasmissione dell&#8217;ordine di riaccredito relativo al costo della merce spedita e delle prime spese di spedizione entro i 14 (quattordici) giorni successivi alla ricezione dei beni restituiti dal Cliente. Il rimborso verr\u00e0 effettuato utilizzando lo stesso mezzo di pagamento usato dal Cliente per la transazione iniziale, fatto salvo il caso in cui il Cliente abbia pagato la merce mediante contrassegno; in quest\u2019ultimo caso l\u2019operazione di rimborso verr\u00e0 effettuata tramite accredito sul conto corrente indicato dal Cliente.<\/p><p>Il Cliente \u00e8 tenuto\u00a0 a restituire la merce nello stato in cui \u00e8 stata consegnata e perfettamente imballata. Le spese di restituzione del bene al mittente resteranno a carico del Cliente. Editoriale Domus respinger\u00e0 qualsiasi prodotto nel caso in cui non siano state gi\u00e0 integralmente pagate dal cliente le spese di restituzione; oppure non siano state rispettate le modalit\u00e0 e i tempi previsti dal Codice del Consumo per la comunicazione dell&#8217;esercizio del recesso, o nell&#8217;ipotesi in cui il prodotto non sia stato imballato con involucri originali, o non sia completo di ogni accessorio, dei manuali di istruzione e di\u00a0tutto quanto in origine contenuto.<\/p><p><a href=\"https:\/\/www.shoped.it\/docs\/modulo_recesso_vd_it.pdf\">Modulo per recesso<\/a><\/p><p><strong>Recesso dagli abbonamenti alle riviste cartacee<\/strong><\/p><p>Il Cliente pu\u00f2 esercitare il diritto di recesso per l\u2019abbonamento cartaceo sottoscritto e pagato entro il termine perentorio di 14 (quattordici) giorni dalla data di ricezione del primo numero dell\u2019abbonamento mediante apposita comunicazione di recesso, anche utilizzando il modulo presente al link sotto indicato. La comunicazione di recesso deve essere sottoscritta dal Cliente e deve essere inviata mediante lettera raccomandata con avviso di ricevimento entro il termine previsto. Essa pu\u00f2 essere inviata, entro lo stesso termine, anche mediante telegramma, telefax o e-mail a condizione che sia confermata con lettera raccomandata con avviso di ricevimento entro le quarantotto ore successive, indirizzandola a :<\/p><p>Editoriale Domus S.p.A. &#8220;ShopED&#8221;<br \/>All&#8217;attenzione dell\u2019Ufficio Abbonamenti<br \/>via Gianni Mazzocchi 1\/3 &#8211; 20089 Rozzano (Mi)<br \/>email: <a href=\"mailto:uf.abbonamenti@edidomus.it\">uf.abbonamenti@edidomus.it<\/a><\/p><p>Il primo numero cos\u00ec consegnato dovr\u00e0 essere rispedito a Editoriale Domus all\u2019indirizzo sopra riportato entro il termine di 14 (quattordici) giorni dall\u2019invio della comunicazione di recesso.<\/p><p>Il Cliente \u00e8 tenuto a restituire la copia dell\u2019abbonamento ricevuta nello stato in cui \u00e8 stata consegnata e perfettamente imballata. Le spese di restituzione del bene al mittente resteranno a carico del Cliente. Editoriale Domus respinger\u00e0 qualsiasi prodotto nel caso in cui non siano state gi\u00e0 integralmente pagate dal Cliente le spese di restituzione; oppure non siano state rispettate le modalit\u00e0 e i tempi sopra previsti per la comunicazione dell&#8217;esercizio del recesso, o nell&#8217;ipotesi in cui il prodotto non sia stato imballato adeguatamente o non sia completo di tutto quanto in origine contenuto.<\/p><p><a href=\"https:\/\/www.shoped.it\/docs\/modulo_recesso_abbo_it.pdf\">Modulo per recesso<\/a><\/p><p><strong>Interruzioni e sospensioni di Editoriale Domus<\/strong><\/p><p>E\u2019 facolt\u00e0 di Editoriale Domus interrompere e sospendere il servizio disciplinato dalle presenti Condizioni Generali di Vendita a proprio insindacabile giudizio, provvedendo a rimborsare il Cliente la parte di corrispettivo non utilizzato in conseguenza dell\u2019interruzione e\/o sospensione.<\/p><p><strong>Interruzione anticipata degli abbonamenti alle riviste cartacee<\/strong><\/p><p>Il Cliente pu\u00f2 interrompere l\u2019abbonamento cartaceo sottoscritto e pagato anche prima della sua scadenza. In tal caso verr\u00e0 rimborsato solo per l\u2019importo corrispondente alle copie non ancora consegnate comprese nel suo abbonamento. Il Cliente pu\u00f2 contattare il Servizio Abbonati: per l\u2019Italia all\u2019email <a href=\"mailto:uf.abbonamenti@edidomus.it\">uf.abbonamenti@edidomus.it<\/a> e per l\u2019estero all\u2019email\u00a0<a href=\"mailto:subscriptions@edidomus.it\">subscriptions@edidomus.it<\/a><\/p><p><strong>Eccezioni al diritto di recesso e interruzione anticipata per prodotti digitali<\/strong><\/p><p>Il Cliente accetta espressamente che, ai sensi dell\u2019articolo 59, comma 1, lettera (o) del Codice del Consumo, una volta che l\u2019esecuzione di fornitura di contenuti digitali \u00e8 iniziata, l\u2019esercizio del diritto di recesso \u00e8 escluso. A tal fine si specifica che per l\u2019abbonamento digitale non \u00e8 prevista l\u2019interruzione anticipata n\u00e9 il diritto di recesso.<\/p><p><strong>Interruzioni e sospensioni di Editoriale Domus<\/strong><\/p><p>E\u2019 facolt\u00e0 di Editoriale Domus interrompere e sospendere il servizio disciplinato dalle presenti Condizioni Generali di Vendita a proprio insindacabile giudizio, provvedendo a rimborsare il Cliente la parte di corrispettivo non utilizzato in conseguenza dell\u2019interruzione e\/o sospensione.<\/p><p><strong>Interruzione anticipata degli abbonamenti alle riviste cartacee<\/strong><\/p><p>Il Cliente pu\u00f2 interrompere l\u2019abbonamento cartaceo sottoscritto e pagato anche prima della sua scadenza. In tal caso verr\u00e0 rimborsato solo per l\u2019importo corrispondente alle copie non ancora consegnate comprese nel suo abbonamento. Il Cliente pu\u00f2 contattare il Servizio Abbonati: per l\u2019Italia all\u2019email <a href=\"mailto:uf.abbonamenti@edidomus.it\">uf.abbonamenti@edidomus.it<\/a> e per l\u2019estero all\u2019email\u00a0<a href=\"mailto:subscriptions@edidomus.it\">subscriptions@edidomus.it<\/a><\/p><p><strong>Eccezioni al diritto di recesso e interruzione anticipata per prodotti digitali<\/strong><\/p><p>Il Cliente accetta espressamente che, ai sensi dell\u2019articolo 59, comma 1, lettera (o) del Codice del Consumo, una volta che l\u2019esecuzione di fornitura di contenuti digitali \u00e8 iniziata, l\u2019esercizio del diritto di recesso \u00e8 escluso. A tal fine si specifica che per l\u2019abbonamento digitale non \u00e8 prevista l\u2019interruzione anticipata n\u00e9 il diritto di recesso.<\/p>\t\t\t\t\t\t\t\t<\/div>\n\t\t\t\t<\/div>\n\t\t\t\t\t<\/div>\n\t\t<\/div>\n\t\t\t\t\t<\/div>\n\t\t<\/section>\n\t\t\t\t<\/div>\n\t\t","protected":false},"excerpt":{"rendered":"<p>Diritto di recesso RECESSO E INTERRUZIONI Ai sensi e nei limiti di cui al gi\u00e0 citato Codice del Consumo, il Cliente ha diritto, entro 14 (quattordici) giorni dal ricevimento della merce richiesta, di esercitare il diritto di recesso. Tale diritto si applica a tutti i prodotti contenuti nel sito ShopED, sui siti ad essi collegati, [&hellip;]<\/p>\n","protected":false},"author":4,"featured_media":0,"parent":0,"menu_order":0,"comment_status":"closed","ping_status":"closed","template":"","meta":{"_acf_changed":false,"footnotes":""},"class_list":["post-747","page","type-page","status-publish","hentry"],"acf":[],"yoast_head":"<!-- This site is optimized with the Yoast SEO plugin v25.9 - https:\/\/yoast.com\/wordpress\/plugins\/seo\/ -->\n<title>Diritto di recesso - ShopED - Editoriale Domus<\/title>\n<meta name=\"robots\" content=\"index, follow, max-snippet:-1, max-image-preview:large, max-video-preview:-1\" \/>\n<link rel=\"canonical\" href=\"https:\/\/www.shoped.it\/shop\/gestione-resi\/\" \/>\n<meta property=\"og:locale\" content=\"it_IT\" \/>\n<meta property=\"og:type\" content=\"article\" \/>\n<meta property=\"og:title\" content=\"Diritto di recesso - ShopED - Editoriale Domus\" \/>\n<meta property=\"og:description\" content=\"Diritto di recesso RECESSO E INTERRUZIONI Ai sensi e nei limiti di cui al gi\u00e0 citato Codice del Consumo, il Cliente ha diritto, entro 14 (quattordici) giorni dal ricevimento della merce richiesta, di esercitare il diritto di recesso. Tale diritto si applica a tutti i prodotti contenuti nel sito ShopED, sui siti ad essi collegati, [&hellip;]\" \/>\n<meta property=\"og:url\" content=\"https:\/\/www.shoped.it\/shop\/gestione-resi\/\" \/>\n<meta property=\"og:site_name\" content=\"ShopED - Editoriale Domus\" \/>\n<meta property=\"article:modified_time\" content=\"2023-12-14T09:50:46+00:00\" \/>\n<meta name=\"twitter:card\" content=\"summary_large_image\" \/>\n<meta name=\"twitter:label1\" content=\"Tempo di lettura stimato\" \/>\n\t<meta name=\"twitter:data1\" content=\"6 minuti\" \/>\n<script type=\"application\/ld+json\" class=\"yoast-schema-graph\">{\"@context\":\"https:\/\/schema.org\",\"@graph\":[{\"@type\":\"WebPage\",\"@id\":\"https:\/\/www.shoped.it\/shop\/gestione-resi\/\",\"url\":\"https:\/\/www.shoped.it\/shop\/gestione-resi\/\",\"name\":\"Diritto di recesso - ShopED - Editoriale Domus\",\"isPartOf\":{\"@id\":\"https:\/\/www.shoped.it\/shop\/#website\"},\"datePublished\":\"2015-01-14T07:59:32+00:00\",\"dateModified\":\"2023-12-14T09:50:46+00:00\",\"breadcrumb\":{\"@id\":\"https:\/\/www.shoped.it\/shop\/gestione-resi\/#breadcrumb\"},\"inLanguage\":\"it-IT\",\"potentialAction\":[{\"@type\":\"ReadAction\",\"target\":[\"https:\/\/www.shoped.it\/shop\/gestione-resi\/\"]}]},{\"@type\":\"BreadcrumbList\",\"@id\":\"https:\/\/www.shoped.it\/shop\/gestione-resi\/#breadcrumb\",\"itemListElement\":[{\"@type\":\"ListItem\",\"position\":1,\"name\":\"Home\",\"item\":\"https:\/\/shoped.it\/shop\/\"},{\"@type\":\"ListItem\",\"position\":2,\"name\":\"Diritto di recesso\"}]},{\"@type\":\"WebSite\",\"@id\":\"https:\/\/www.shoped.it\/shop\/#website\",\"url\":\"https:\/\/www.shoped.it\/shop\/\",\"name\":\"ShopED - Editoriale Domus\",\"description\":\"lo shop on line di Editoriale Domus: tutti i prodotti di Domus, Quattroruote, Il Cucchiao d&#039;Argento, Meridiani, Meridiani Montagna, Dueruote, Ruoteclassiche, Tuttotrasporti XoffRoad, autopro, TopGear\",\"publisher\":{\"@id\":\"https:\/\/www.shoped.it\/shop\/#organization\"},\"potentialAction\":[{\"@type\":\"SearchAction\",\"target\":{\"@type\":\"EntryPoint\",\"urlTemplate\":\"https:\/\/www.shoped.it\/shop\/?s={search_term_string}\"},\"query-input\":{\"@type\":\"PropertyValueSpecification\",\"valueRequired\":true,\"valueName\":\"search_term_string\"}}],\"inLanguage\":\"it-IT\"},{\"@type\":\"Organization\",\"@id\":\"https:\/\/www.shoped.it\/shop\/#organization\",\"name\":\"Editoriale Domus\",\"url\":\"https:\/\/www.shoped.it\/shop\/\",\"logo\":{\"@type\":\"ImageObject\",\"inLanguage\":\"it-IT\",\"@id\":\"https:\/\/www.shoped.it\/shop\/#\/schema\/logo\/image\/\",\"url\":\"https:\/\/www.shoped.it\/shop\/wp-content\/uploads\/2018\/01\/logoshoped.png\",\"contentUrl\":\"https:\/\/www.shoped.it\/shop\/wp-content\/uploads\/2018\/01\/logoshoped.png\",\"width\":255,\"height\":80,\"caption\":\"Editoriale Domus\"},\"image\":{\"@id\":\"https:\/\/www.shoped.it\/shop\/#\/schema\/logo\/image\/\"}}]}<\/script>\n<!-- \/ Yoast SEO plugin. -->","yoast_head_json":{"title":"Diritto di recesso - ShopED - Editoriale Domus","robots":{"index":"index","follow":"follow","max-snippet":"max-snippet:-1","max-image-preview":"max-image-preview:large","max-video-preview":"max-video-preview:-1"},"canonical":"https:\/\/www.shoped.it\/shop\/gestione-resi\/","og_locale":"it_IT","og_type":"article","og_title":"Diritto di recesso - ShopED - Editoriale Domus","og_description":"Diritto di recesso RECESSO E INTERRUZIONI Ai sensi e nei limiti di cui al gi\u00e0 citato Codice del Consumo, il Cliente ha diritto, entro 14 (quattordici) giorni dal ricevimento della merce richiesta, di esercitare il diritto di recesso. Tale diritto si applica a tutti i prodotti contenuti nel sito ShopED, sui siti ad essi collegati, [&hellip;]","og_url":"https:\/\/www.shoped.it\/shop\/gestione-resi\/","og_site_name":"ShopED - Editoriale Domus","article_modified_time":"2023-12-14T09:50:46+00:00","twitter_card":"summary_large_image","twitter_misc":{"Tempo di lettura stimato":"6 minuti"},"schema":{"@context":"https:\/\/schema.org","@graph":[{"@type":"WebPage","@id":"https:\/\/www.shoped.it\/shop\/gestione-resi\/","url":"https:\/\/www.shoped.it\/shop\/gestione-resi\/","name":"Diritto di recesso - ShopED - Editoriale Domus","isPartOf":{"@id":"https:\/\/www.shoped.it\/shop\/#website"},"datePublished":"2015-01-14T07:59:32+00:00","dateModified":"2023-12-14T09:50:46+00:00","breadcrumb":{"@id":"https:\/\/www.shoped.it\/shop\/gestione-resi\/#breadcrumb"},"inLanguage":"it-IT","potentialAction":[{"@type":"ReadAction","target":["https:\/\/www.shoped.it\/shop\/gestione-resi\/"]}]},{"@type":"BreadcrumbList","@id":"https:\/\/www.shoped.it\/shop\/gestione-resi\/#breadcrumb","itemListElement":[{"@type":"ListItem","position":1,"name":"Home","item":"https:\/\/shoped.it\/shop\/"},{"@type":"ListItem","position":2,"name":"Diritto di recesso"}]},{"@type":"WebSite","@id":"https:\/\/www.shoped.it\/shop\/#website","url":"https:\/\/www.shoped.it\/shop\/","name":"ShopED - Editoriale Domus","description":"lo shop on line di Editoriale Domus: tutti i prodotti di Domus, Quattroruote, Il Cucchiao d&#039;Argento, Meridiani, Meridiani Montagna, Dueruote, Ruoteclassiche, Tuttotrasporti XoffRoad, autopro, TopGear","publisher":{"@id":"https:\/\/www.shoped.it\/shop\/#organization"},"potentialAction":[{"@type":"SearchAction","target":{"@type":"EntryPoint","urlTemplate":"https:\/\/www.shoped.it\/shop\/?s={search_term_string}"},"query-input":{"@type":"PropertyValueSpecification","valueRequired":true,"valueName":"search_term_string"}}],"inLanguage":"it-IT"},{"@type":"Organization","@id":"https:\/\/www.shoped.it\/shop\/#organization","name":"Editoriale Domus","url":"https:\/\/www.shoped.it\/shop\/","logo":{"@type":"ImageObject","inLanguage":"it-IT","@id":"https:\/\/www.shoped.it\/shop\/#\/schema\/logo\/image\/","url":"https:\/\/www.shoped.it\/shop\/wp-content\/uploads\/2018\/01\/logoshoped.png","contentUrl":"https:\/\/www.shoped.it\/shop\/wp-content\/uploads\/2018\/01\/logoshoped.png","width":255,"height":80,"caption":"Editoriale Domus"},"image":{"@id":"https:\/\/www.shoped.it\/shop\/#\/schema\/logo\/image\/"}}]}},"_links":{"self":[{"href":"https:\/\/shoped.it\/shop\/wp-json\/wp\/v2\/pages\/747","targetHints":{"allow":["GET"]}}],"collection":[{"href":"https:\/\/shoped.it\/shop\/wp-json\/wp\/v2\/pages"}],"about":[{"href":"https:\/\/shoped.it\/shop\/wp-json\/wp\/v2\/types\/page"}],"author":[{"embeddable":true,"href":"https:\/\/shoped.it\/shop\/wp-json\/wp\/v2\/users\/4"}],"replies":[{"embeddable":true,"href":"https:\/\/shoped.it\/shop\/wp-json\/wp\/v2\/comments?post=747"}],"version-history":[{"count":0,"href":"https:\/\/shoped.it\/shop\/wp-json\/wp\/v2\/pages\/747\/revisions"}],"wp:attachment":[{"href":"https:\/\/shoped.it\/shop\/wp-json\/wp\/v2\/media?parent=747"}],"curies":[{"name":"wp","href":"https:\/\/api.w.org\/{rel}","templated":true}]}}